{"id":112,"date":"2025-11-12T17:27:47","date_gmt":"2025-11-12T17:27:47","guid":{"rendered":"http:\/\/reinventer-le-dechet.fr\/?page_id=112"},"modified":"2025-11-29T16:07:46","modified_gmt":"2025-11-29T16:07:46","slug":"la-fonderie-daluminium-de-barakat","status":"publish","type":"page","link":"http:\/\/reinventer-le-dechet.fr\/?page_id=112","title":{"rendered":"La fonderie d\u2019aluminium de Barakat"},"content":{"rendered":"\n<p><a href=\"http:\/\/reinventer-le-dechet.fr\/?page_id=116\">Panneau pr\u00e9c\u00e9dent&#8230;<\/a><\/p>\n\n\n<div id=\"metaslider-id-486\" style=\"width: 100%;\" class=\"ml-slider-3-104-0 metaslider metaslider-flex metaslider-486 ml-slider has-dots-nav ms-theme-default-base\" role=\"region\" aria-label=\"La fonderie d\u2019aluminium de Barakat\" data-width=\"1200\">\n    <div id=\"metaslider_container_486\">\n        <div id=\"metaslider_486\">\n            <ul aria-live='off' class='slides'>\n                <li style=\"display: block; width: 100%;\" class=\"slide-491 ms-image \" aria-roledescription=\"slide\" data-date=\"2025-11-26 11:29:33\" data-filename=\"L1000712.jpg\" data-slide-type=\"image\"><img decoding=\"async\" src=\"http:\/\/reinventer-le-dechet.fr\/wp-content\/uploads\/2025\/11\/L1000712.jpg\" width=\"1200\" alt=\"\" class=\"slider-486 slide-491 msDefaultImage\" title=\"L1000712\" \/><div class=\"caption-wrap\"><div class=\"caption\"><div>Le Caire, \u00c9gypte, 2017<\/div><\/div><\/div><\/li>\n                <li style=\"display: none; width: 100%;\" class=\"slide-490 ms-image \" aria-roledescription=\"slide\" data-date=\"2025-11-26 11:29:33\" data-filename=\"L1000693.jpg\" data-slide-type=\"image\"><img decoding=\"async\" src=\"http:\/\/reinventer-le-dechet.fr\/wp-content\/uploads\/2025\/11\/L1000693.jpg\" width=\"1200\" alt=\"\" class=\"slider-486 slide-490 msDefaultImage\" title=\"L1000693\" \/><div class=\"caption-wrap\"><div class=\"caption\"><div>Le Caire, \u00c9gypte, 2017<\/div><\/div><\/div><\/li>\n                <li style=\"display: none; width: 100%;\" class=\"slide-492 ms-image \" aria-roledescription=\"slide\" data-date=\"2025-11-26 11:29:33\" data-filename=\"L1000735.jpg\" data-slide-type=\"image\"><img decoding=\"async\" src=\"http:\/\/reinventer-le-dechet.fr\/wp-content\/uploads\/2025\/11\/L1000735.jpg\" width=\"1200\" alt=\"\" class=\"slider-486 slide-492 msDefaultImage\" title=\"L1000735\" \/><div class=\"caption-wrap\"><div class=\"caption\"><div>Le Caire, \u00c9gypte, 2017<\/div><\/div><\/div><\/li>\n            <\/ul>\n        <\/div>\n        \n    <\/div>\n<\/div>\n\n\n\n<p>Chauff\u00e9 \u00e0 660 degr\u00e9s, ce four artisanal transforme des milliers de canettes en lingots d&rsquo;aluminium au prix de fum\u00e9es toxiques. Recycler le rebut permet d&rsquo;en vivre, mais ab\u00eeme les corps et pollue l&rsquo;air et les sols. Comment agir sur les injustices sociales et environnementales pour celles et ceux qui ont \u00e0 faire avec les d\u00e9chets ?<\/p>\n\n\n\n<p class=\"has-text-align-right\"><a href=\"http:\/\/reinventer-le-dechet.fr\/?page_id=166\">Panneau suivant&#8230;<\/a><\/p>\n","protected":false},"excerpt":{"rendered":"<p>Panneau pr\u00e9c\u00e9dent&#8230; Chauff\u00e9 \u00e0 660 degr\u00e9s, ce four artisanal transforme des milliers de canettes en lingots d&rsquo;aluminium au prix de fum\u00e9es toxiques. Recycler le rebut permet d&rsquo;en vivre, mais ab\u00eeme les corps et pollue l&rsquo;air et les sols. Comment agir sur les injustices sociales et environnementales pour celles et ceux qui ont \u00e0 faire avec &#8230; <a title=\"La fonderie d\u2019aluminium de Barakat\" class=\"read-more\" href=\"http:\/\/reinventer-le-dechet.fr\/?page_id=112\" aria-label=\"En savoir plus sur La fonderie d\u2019aluminium de Barakat\">Lire plus<\/a><\/p>\n","protected":false},"author":1,"featured_media":0,"parent":0,"menu_order":0,"comment_status":"closed","ping_status":"closed","template":"","meta":{"footnotes":""},"class_list":["post-112","page","type-page","status-publish"],"_links":{"self":[{"href":"http:\/\/reinventer-le-dechet.fr\/index.php?rest_route=\/wp\/v2\/pages\/112","targetHints":{"allow":["GET"]}}],"collection":[{"href":"http:\/\/reinventer-le-dechet.fr\/index.php?rest_route=\/wp\/v2\/pages"}],"about":[{"href":"http:\/\/reinventer-le-dechet.fr\/index.php?rest_route=\/wp\/v2\/types\/page"}],"author":[{"embeddable":true,"href":"http:\/\/reinventer-le-dechet.fr\/index.php?rest_route=\/wp\/v2\/users\/1"}],"replies":[{"embeddable":true,"href":"http:\/\/reinventer-le-dechet.fr\/index.php?rest_route=%2Fwp%2Fv2%2Fcomments&post=112"}],"version-history":[{"count":4,"href":"http:\/\/reinventer-le-dechet.fr\/index.php?rest_route=\/wp\/v2\/pages\/112\/revisions"}],"predecessor-version":[{"id":666,"href":"http:\/\/reinventer-le-dechet.fr\/index.php?rest_route=\/wp\/v2\/pages\/112\/revisions\/666"}],"wp:attachment":[{"href":"http:\/\/reinventer-le-dechet.fr\/index.php?rest_route=%2Fwp%2Fv2%2Fmedia&parent=112"}],"curies":[{"name":"wp","href":"https:\/\/api.w.org\/{rel}","templated":true}]}}