{"id":114,"date":"2025-11-12T17:28:44","date_gmt":"2025-11-12T17:28:44","guid":{"rendered":"http:\/\/reinventer-le-dechet.fr\/?page_id=114"},"modified":"2025-11-29T16:02:46","modified_gmt":"2025-11-29T16:02:46","slug":"les-cars-breakers-de-mumbai","status":"publish","type":"page","link":"http:\/\/reinventer-le-dechet.fr\/?page_id=114","title":{"rendered":"Les cars-breakers de Mumbai"},"content":{"rendered":"\n<p><a href=\"http:\/\/reinventer-le-dechet.fr\/?page_id=168\">Panneau pr\u00e9c\u00e9dent&#8230;<\/a><\/p>\n\n\n<div id=\"metaslider-id-530\" style=\"width: 100%;\" class=\"ml-slider-3-104-0 metaslider metaslider-flex metaslider-530 ml-slider has-dots-nav ms-theme-default-base\" role=\"region\" aria-label=\"Les cars-breakers de Mumbai\" data-width=\"1200\">\n    <div id=\"metaslider_container_530\">\n        <div id=\"metaslider_530\">\n            <ul aria-live='off' class='slides'>\n                <li style=\"display: block; width: 100%;\" class=\"slide-531 ms-image \" aria-roledescription=\"slide\" data-date=\"2025-11-26 12:03:58\" data-filename=\"L1060132.jpg\" data-slide-type=\"image\"><img decoding=\"async\" src=\"http:\/\/reinventer-le-dechet.fr\/wp-content\/uploads\/2025\/11\/L1060132.jpg\" width=\"1200\" alt=\"\" class=\"slider-530 slide-531 msDefaultImage\" title=\"L1060132\" \/><div class=\"caption-wrap\"><div class=\"caption\"><div>Mumbai, Inde, 2018<\/div><\/div><\/div><\/li>\n                <li style=\"display: none; width: 100%;\" class=\"slide-532 ms-image \" aria-roledescription=\"slide\" data-date=\"2025-11-26 12:03:58\" data-filename=\"L1060217.jpg\" data-slide-type=\"image\"><img decoding=\"async\" src=\"http:\/\/reinventer-le-dechet.fr\/wp-content\/uploads\/2025\/11\/L1060217.jpg\" width=\"1200\" alt=\"\" class=\"slider-530 slide-532 msDefaultImage\" title=\"L1060217\" \/><div class=\"caption-wrap\"><div class=\"caption\"><div>Mumbai, Inde, 2018<\/div><\/div><\/div><\/li>\n                <li style=\"display: none; width: 100%;\" class=\"slide-533 ms-image \" aria-roledescription=\"slide\" data-date=\"2025-11-26 12:03:58\" data-filename=\"L1060232.jpg\" data-slide-type=\"image\"><img decoding=\"async\" src=\"http:\/\/reinventer-le-dechet.fr\/wp-content\/uploads\/2025\/11\/L1060232.jpg\" width=\"1200\" alt=\"\" class=\"slider-530 slide-533 msDefaultImage\" title=\"L1060232\" \/><div class=\"caption-wrap\"><div class=\"caption\"><div>Mumbai, Inde, 2018<\/div><\/div><\/div><\/li>\n            <\/ul>\n        <\/div>\n        \n    <\/div>\n<\/div>\n\n\n\n<p>Dans ce quartier de Mumbai, les car-breakers d\u00e9mant\u00e8lent et d\u00e9coupent manuellement une voiture en deux heures. Une grande partie des composants est mise en vente d&rsquo;occasion, le reste est recycl\u00e9 et seuls 10 % du poids du v\u00e9hicule sont perdus.<\/p>\n\n\n\n<p class=\"has-text-align-right\"><a href=\"http:\/\/reinventer-le-dechet.fr\/?page_id=146\">Panneau suivant&#8230;<\/a><\/p>\n","protected":false},"excerpt":{"rendered":"<p>Panneau pr\u00e9c\u00e9dent&#8230; Dans ce quartier de Mumbai, les car-breakers d\u00e9mant\u00e8lent et d\u00e9coupent manuellement une voiture en deux heures. Une grande partie des composants est mise en vente d&rsquo;occasion, le reste est recycl\u00e9 et seuls 10 % du poids du v\u00e9hicule sont perdus. Panneau suivant&#8230;<\/p>\n","protected":false},"author":1,"featured_media":0,"parent":0,"menu_order":0,"comment_status":"closed","ping_status":"closed","template":"","meta":{"footnotes":""},"class_list":["post-114","page","type-page","status-publish"],"_links":{"self":[{"href":"http:\/\/reinventer-le-dechet.fr\/index.php?rest_route=\/wp\/v2\/pages\/114","targetHints":{"allow":["GET"]}}],"collection":[{"href":"http:\/\/reinventer-le-dechet.fr\/index.php?rest_route=\/wp\/v2\/pages"}],"about":[{"href":"http:\/\/reinventer-le-dechet.fr\/index.php?rest_route=\/wp\/v2\/types\/page"}],"author":[{"embeddable":true,"href":"http:\/\/reinventer-le-dechet.fr\/index.php?rest_route=\/wp\/v2\/users\/1"}],"replies":[{"embeddable":true,"href":"http:\/\/reinventer-le-dechet.fr\/index.php?rest_route=%2Fwp%2Fv2%2Fcomments&post=114"}],"version-history":[{"count":3,"href":"http:\/\/reinventer-le-dechet.fr\/index.php?rest_route=\/wp\/v2\/pages\/114\/revisions"}],"predecessor-version":[{"id":663,"href":"http:\/\/reinventer-le-dechet.fr\/index.php?rest_route=\/wp\/v2\/pages\/114\/revisions\/663"}],"wp:attachment":[{"href":"http:\/\/reinventer-le-dechet.fr\/index.php?rest_route=%2Fwp%2Fv2%2Fmedia&parent=114"}],"curies":[{"name":"wp","href":"https:\/\/api.w.org\/{rel}","templated":true}]}}