{"id":124,"date":"2025-11-12T17:39:04","date_gmt":"2025-11-12T17:39:04","guid":{"rendered":"http:\/\/reinventer-le-dechet.fr\/?page_id=124"},"modified":"2025-11-29T17:43:27","modified_gmt":"2025-11-29T17:43:27","slug":"les-chutes-ultimes-de-la-fast-fashion","status":"publish","type":"page","link":"http:\/\/reinventer-le-dechet.fr\/?page_id=124","title":{"rendered":"Les chutes ultimes de la fast fashion"},"content":{"rendered":"\n<p><a href=\"http:\/\/reinventer-le-dechet.fr\/?page_id=166\">Panneau pr\u00e9c\u00e9dent&#8230;<\/a><\/p>\n\n\n<div id=\"metaslider-id-536\" style=\"width: 100%;\" class=\"ml-slider-3-104-0 metaslider metaslider-flex metaslider-536 ml-slider has-dots-nav ms-theme-default-base\" role=\"region\" aria-label=\"Les chutes ultimes de la fast fashion\" data-width=\"1200\">\n    <div id=\"metaslider_container_536\">\n        <div id=\"metaslider_536\">\n            <ul aria-live='off' class='slides'>\n                <li style=\"display: block; width: 100%;\" class=\"slide-537 ms-image \" aria-roledescription=\"slide\" data-date=\"2025-11-26 12:07:32\" data-filename=\"DSC_7936.jpg\" data-slide-type=\"image\"><img decoding=\"async\" src=\"http:\/\/reinventer-le-dechet.fr\/wp-content\/uploads\/2025\/11\/DSC_7936.jpg\" width=\"1200\" alt=\"\" class=\"slider-536 slide-537 msDefaultImage\" title=\"DSC_7936\" \/><div class=\"caption-wrap\"><div class=\"caption\"><div>Casablanca, Maroc, 2015<\/div><\/div><\/div><\/li>\n                <li style=\"display: none; width: 100%;\" class=\"slide-538 ms-image \" aria-roledescription=\"slide\" data-date=\"2025-11-26 12:07:32\" data-filename=\"DSC_7937.jpg\" data-slide-type=\"image\"><img decoding=\"async\" src=\"http:\/\/reinventer-le-dechet.fr\/wp-content\/uploads\/2025\/11\/DSC_7937.jpg\" width=\"1200\" alt=\"\" class=\"slider-536 slide-538 msDefaultImage\" title=\"DSC_7937\" \/><div class=\"caption-wrap\"><div class=\"caption\"><div>Casablanca, Maroc, 2015<\/div><\/div><\/div><\/li>\n            <\/ul>\n        <\/div>\n        \n    <\/div>\n<\/div>\n\n\n\n<p>Bien loin de la \u00ab\u00a0cr\u00e8me\u00a0\u00bb de la fripe de qualit\u00e9, ces chutes de tissus servent \u00e0 rembourrer des matelas bon march\u00e9. Chaque ann\u00e9e, 100 milliards de v\u00eatements sont achet\u00e9s dans le monde : 90 % d\u2019entre eux finiront leur vie dans les Suds et seuls 1 % seront recycl\u00e9s. Plusieurs pays africains ont interdit \u00ab\u00a0ces exportations textiles qui menacent leur industrie et la dignit\u00e9 de leurs peuples\u00a0\u00bb.<\/p>\n\n\n\n<p><strong>Pour en savoir plus sur les limites du recyclage des textiles<\/strong><\/p>\n\n\n\n<p>Un article de Manuel Morales Rubio, Enseignant-chercheur en Gestion strat\u00e9gique, <a href=\"https:\/\/theconversation.com\/industrie-de-la-mode-les-effets-tres-limites-du-recyclage-des-textiles-145363\" target=\"_blank\" rel=\"noreferrer noopener\">\u00ab\u00a0Pr\u00e8s de 90 % des d\u00e9chets textiles finissent br\u00fbl\u00e9s. Comment changer cela ?\u00a0\u00bb<\/a>, <em>The Conversation<\/em> (en fran\u00e7ais), 2020<\/p>\n\n\n\n<p>Un article d&rsquo;Edith de Lamballerie, Doctorante en sciences de gestion, <a href=\"https:\/\/theconversation.com\/industrie-de-la-mode-les-effets-tres-limites-du-recyclage-des-textiles-145363\" target=\"_blank\" rel=\"noreferrer noopener\">\u00ab\u00a0Industrie de la mode\u00a0: les effets (tr\u00e8s) limit\u00e9s du recyclage des textiles\u00a0\u00bb<\/a>, <em>The Conversation<\/em> (en fran\u00e7ais), 2020<\/p>\n\n\n\n<p class=\"has-text-align-right\"><a href=\"http:\/\/reinventer-le-dechet.fr\/?page_id=150\">Panneau suivant&#8230;<\/a><\/p>\n","protected":false},"excerpt":{"rendered":"<p>Panneau pr\u00e9c\u00e9dent&#8230; Bien loin de la \u00ab\u00a0cr\u00e8me\u00a0\u00bb de la fripe de qualit\u00e9, ces chutes de tissus servent \u00e0 rembourrer des matelas bon march\u00e9. Chaque ann\u00e9e, 100 milliards de v\u00eatements sont achet\u00e9s dans le monde : 90 % d\u2019entre eux finiront leur vie dans les Suds et seuls 1 % seront recycl\u00e9s. Plusieurs pays africains ont &#8230; <a title=\"Les chutes ultimes de la fast fashion\" class=\"read-more\" href=\"http:\/\/reinventer-le-dechet.fr\/?page_id=124\" aria-label=\"En savoir plus sur Les chutes ultimes de la fast fashion\">Lire plus<\/a><\/p>\n","protected":false},"author":1,"featured_media":0,"parent":0,"menu_order":0,"comment_status":"closed","ping_status":"closed","template":"","meta":{"footnotes":""},"class_list":["post-124","page","type-page","status-publish"],"_links":{"self":[{"href":"http:\/\/reinventer-le-dechet.fr\/index.php?rest_route=\/wp\/v2\/pages\/124","targetHints":{"allow":["GET"]}}],"collection":[{"href":"http:\/\/reinventer-le-dechet.fr\/index.php?rest_route=\/wp\/v2\/pages"}],"about":[{"href":"http:\/\/reinventer-le-dechet.fr\/index.php?rest_route=\/wp\/v2\/types\/page"}],"author":[{"embeddable":true,"href":"http:\/\/reinventer-le-dechet.fr\/index.php?rest_route=\/wp\/v2\/users\/1"}],"replies":[{"embeddable":true,"href":"http:\/\/reinventer-le-dechet.fr\/index.php?rest_route=%2Fwp%2Fv2%2Fcomments&post=124"}],"version-history":[{"count":7,"href":"http:\/\/reinventer-le-dechet.fr\/index.php?rest_route=\/wp\/v2\/pages\/124\/revisions"}],"predecessor-version":[{"id":723,"href":"http:\/\/reinventer-le-dechet.fr\/index.php?rest_route=\/wp\/v2\/pages\/124\/revisions\/723"}],"wp:attachment":[{"href":"http:\/\/reinventer-le-dechet.fr\/index.php?rest_route=%2Fwp%2Fv2%2Fmedia&parent=124"}],"curies":[{"name":"wp","href":"https:\/\/api.w.org\/{rel}","templated":true}]}}

<p><a href="http://reinventer-le-dechet.fr/?page_id=166">Panneau précédent&#8230;</a></p>


<div id="metaslider-id-536" style="width: 100%;" class="ml-slider-3-104-0 metaslider metaslider-flex metaslider-536 ml-slider has-dots-nav ms-theme-default-base" role="region" aria-label="Les chutes ultimes de la fast fashion" data-width="1200">
    <div id="metaslider_container_536">
        <div id="metaslider_536">
            <ul aria-live='off' class='slides'>
                <li style="display: block; width: 100%;" class="slide-537 ms-image " aria-roledescription="slide" data-date="2025-11-26 12:07:32" data-filename="DSC_7936.jpg" data-slide-type="image"><img decoding="async" src="http://reinventer-le-dechet.fr/wp-content/uploads/2025/11/DSC_7936.jpg" width="1200" alt="" class="slider-536 slide-537 msDefaultImage" title="DSC_7936" /><div class="caption-wrap"><div class="caption"><div>Casablanca, Maroc, 2015</div></div></div></li>
                <li style="display: none; width: 100%;" class="slide-538 ms-image " aria-roledescription="slide" data-date="2025-11-26 12:07:32" data-filename="DSC_7937.jpg" data-slide-type="image"><img decoding="async" src="http://reinventer-le-dechet.fr/wp-content/uploads/2025/11/DSC_7937.jpg" width="1200" alt="" class="slider-536 slide-538 msDefaultImage" title="DSC_7937" /><div class="caption-wrap"><div class="caption"><div>Casablanca, Maroc, 2015</div></div></div></li>
            </ul>
        </div>
        
    </div>
</div>



<p>Bien loin de la « crème » de la fripe de qualité, ces chutes de tissus servent à rembourrer des matelas bon marché. Chaque année, 100 milliards de vêtements sont achetés dans le monde : 90 % d’entre eux finiront leur vie dans les Suds et seuls 1 % seront recyclés. Plusieurs pays africains ont interdit « ces exportations textiles qui menacent leur industrie et la dignité de leurs peuples ».</p>



<p><strong>Pour en savoir plus sur les limites du recyclage des textiles</strong></p>



<p>Un article de Manuel Morales Rubio, Enseignant-chercheur en Gestion stratégique, <a href="https://theconversation.com/industrie-de-la-mode-les-effets-tres-limites-du-recyclage-des-textiles-145363" target="_blank" rel="noreferrer noopener">« Près de 90 % des déchets textiles finissent brûlés. Comment changer cela ? »</a>, <em>The Conversation</em> (en français), 2020</p>



<p>Un article d&rsquo;Edith de Lamballerie, Doctorante en sciences de gestion, <a href="https://theconversation.com/industrie-de-la-mode-les-effets-tres-limites-du-recyclage-des-textiles-145363" target="_blank" rel="noreferrer noopener">« Industrie de la mode : les effets (très) limités du recyclage des textiles »</a>, <em>The Conversation</em> (en français), 2020</p>



<p class="has-text-align-right"><a href="http://reinventer-le-dechet.fr/?page_id=150">Panneau suivant&#8230;</a></p>

<p>Panneau précédent&#8230; Bien loin de la « crème » de la fripe de qualité, ces chutes de tissus servent à rembourrer des matelas bon marché. Chaque année, 100 milliards de vêtements sont achetés dans le monde : 90 % d’entre eux finiront leur vie dans les Suds et seuls 1 % seront recyclés. Plusieurs pays africains ont &#8230; <a title="Les chutes ultimes de la fast fashion" class="read-more" href="http://reinventer-le-dechet.fr/?page_id=124" aria-label="En savoir plus sur Les chutes ultimes de la fast fashion">Lire plus</a></p>
