{"id":142,"date":"2025-11-13T16:05:00","date_gmt":"2025-11-13T16:05:00","guid":{"rendered":"http:\/\/reinventer-le-dechet.fr\/?page_id=142"},"modified":"2025-12-01T07:32:54","modified_gmt":"2025-12-01T07:32:54","slug":"le-bruit-du-frigo","status":"publish","type":"page","link":"http:\/\/reinventer-le-dechet.fr\/?page_id=142","title":{"rendered":"Le bruit du frigo"},"content":{"rendered":"\n<p><a href=\"http:\/\/reinventer-le-dechet.fr\/?page_id=172\">Panneau pr\u00e9c\u00e9dent&#8230;<\/a><\/p>\n\n\n<div id=\"metaslider-id-515\" style=\"width: 100%;\" class=\"ml-slider-3-104-0 metaslider metaslider-flex metaslider-515 ml-slider has-dots-nav ms-theme-default-base\" role=\"region\" aria-label=\"Le bruit du frigo\" data-width=\"1200\">\n    <div id=\"metaslider_container_515\">\n        <div id=\"metaslider_515\">\n            <ul aria-live='off' class='slides'>\n                <li style=\"display: block; width: 100%;\" class=\"slide-517 ms-image \" aria-roledescription=\"slide\" data-date=\"2025-11-26 11:52:28\" data-filename=\"L1050890-2.jpg\" data-slide-type=\"image\"><img decoding=\"async\" src=\"http:\/\/reinventer-le-dechet.fr\/wp-content\/uploads\/2025\/11\/L1050890-2.jpg\" width=\"1200\" alt=\"\" class=\"slider-515 slide-517 msDefaultImage\" title=\"L1050890-2\" \/><div class=\"caption-wrap\"><div class=\"caption\"><div>Istanbul, Turquie, 2023<\/div><\/div><\/div><\/li>\n                <li style=\"display: none; width: 100%;\" class=\"slide-518 ms-image \" aria-roledescription=\"slide\" data-date=\"2025-11-26 11:52:28\" data-filename=\"L1050913-2.jpg\" data-slide-type=\"image\"><img decoding=\"async\" src=\"http:\/\/reinventer-le-dechet.fr\/wp-content\/uploads\/2025\/11\/L1050913-2.jpg\" width=\"1200\" alt=\"\" class=\"slider-515 slide-518 msDefaultImage\" title=\"L1050913-2\" \/><div class=\"caption-wrap\"><div class=\"caption\"><div>Istanbul, Turquie, 2023<\/div><\/div><\/div><\/li>\n                <li style=\"display: none; width: 100%;\" class=\"slide-519 ms-image \" aria-roledescription=\"slide\" data-date=\"2025-11-26 11:52:28\" data-filename=\"L1050910-2.jpg\" data-slide-type=\"image\"><img decoding=\"async\" src=\"http:\/\/reinventer-le-dechet.fr\/wp-content\/uploads\/2025\/11\/L1050910-2.jpg\" width=\"1200\" alt=\"\" class=\"slider-515 slide-519 msDefaultImage\" title=\"L1050910-2\" \/><div class=\"caption-wrap\"><div class=\"caption\"><div>Istanbul, Turquie, 2023<\/div><\/div><\/div><\/li>\n            <\/ul>\n        <\/div>\n        \n    <\/div>\n<\/div>\n\n\n\n<p>Compresseur de r\u00e9frig\u00e9rateur, tambour de lave-linge, h\u00e9lice de climatiseur\u2026 Manuellement ou industriellement, le confort m\u00e9nager se r\u00e9pare ou se recycle. En 2015, la France est la premi\u00e8re \u00e0 interdire l&rsquo;obsolescence programm\u00e9e des objets, suivie par de nombreux pays. Cependant, en 2030, l&rsquo;humanit\u00e9 produira encore 75 millions de tonnes de d\u00e9chets \u00e9lectriques et \u00e9lectroniques.<\/p>\n\n\n\n<p><strong>Pour en savoir sur les recyclage des d\u00e9chets \u00e9lectriques et \u00e9lectroniques :<\/strong><\/p>\n\n\n\n<p>Un article de Fanny Verrax, Professeure associ\u00e9e en transition \u00e9cologique et entreprenariat social, <a href=\"https:\/\/theconversation.com\/les-mines-urbaines-ou-les-ressources-minieres-insoupconnees-de-nos-dechets-electroniques-214398\" target=\"_blank\" rel=\"noreferrer noopener\">\u00ab\u00a0Les \u00ab mines urbaines \u00bb, ou les ressources mini\u00e8res insoup\u00e7onn\u00e9es de nos d\u00e9chets \u00e9lectroniques\u00a0\u00bb<\/a>, <em>The Conversation<\/em> (en fran\u00e7ais), 2023.<\/p>\n\n\n\n<p class=\"has-text-align-right\"><a href=\"http:\/\/reinventer-le-dechet.fr\/?page_id=29\">Panneau suivant&#8230;<\/a><\/p>\n","protected":false},"excerpt":{"rendered":"<p>Panneau pr\u00e9c\u00e9dent&#8230; Compresseur de r\u00e9frig\u00e9rateur, tambour de lave-linge, h\u00e9lice de climatiseur\u2026 Manuellement ou industriellement, le confort m\u00e9nager se r\u00e9pare ou se recycle. En 2015, la France est la premi\u00e8re \u00e0 interdire l&rsquo;obsolescence programm\u00e9e des objets, suivie par de nombreux pays. Cependant, en 2030, l&rsquo;humanit\u00e9 produira encore 75 millions de tonnes de d\u00e9chets \u00e9lectriques et \u00e9lectroniques. &#8230; <a title=\"Le bruit du frigo\" class=\"read-more\" href=\"http:\/\/reinventer-le-dechet.fr\/?page_id=142\" aria-label=\"En savoir plus sur Le bruit du frigo\">Lire plus<\/a><\/p>\n","protected":false},"author":1,"featured_media":0,"parent":0,"menu_order":0,"comment_status":"closed","ping_status":"closed","template":"","meta":{"footnotes":""},"class_list":["post-142","page","type-page","status-publish"],"_links":{"self":[{"href":"http:\/\/reinventer-le-dechet.fr\/index.php?rest_route=\/wp\/v2\/pages\/142","targetHints":{"allow":["GET"]}}],"collection":[{"href":"http:\/\/reinventer-le-dechet.fr\/index.php?rest_route=\/wp\/v2\/pages"}],"about":[{"href":"http:\/\/reinventer-le-dechet.fr\/index.php?rest_route=\/wp\/v2\/types\/page"}],"author":[{"embeddable":true,"href":"http:\/\/reinventer-le-dechet.fr\/index.php?rest_route=\/wp\/v2\/users\/1"}],"replies":[{"embeddable":true,"href":"http:\/\/reinventer-le-dechet.fr\/index.php?rest_route=%2Fwp%2Fv2%2Fcomments&post=142"}],"version-history":[{"count":8,"href":"http:\/\/reinventer-le-dechet.fr\/index.php?rest_route=\/wp\/v2\/pages\/142\/revisions"}],"predecessor-version":[{"id":780,"href":"http:\/\/reinventer-le-dechet.fr\/index.php?rest_route=\/wp\/v2\/pages\/142\/revisions\/780"}],"wp:attachment":[{"href":"http:\/\/reinventer-le-dechet.fr\/index.php?rest_route=%2Fwp%2Fv2%2Fmedia&parent=142"}],"curies":[{"name":"wp","href":"https:\/\/api.w.org\/{rel}","templated":true}]}}

<p><a href="http://reinventer-le-dechet.fr/?page_id=172">Panneau précédent&#8230;</a></p>


<div id="metaslider-id-515" style="width: 100%;" class="ml-slider-3-104-0 metaslider metaslider-flex metaslider-515 ml-slider has-dots-nav ms-theme-default-base" role="region" aria-label="Le bruit du frigo" data-width="1200">
    <div id="metaslider_container_515">
        <div id="metaslider_515">
            <ul aria-live='off' class='slides'>
                <li style="display: block; width: 100%;" class="slide-517 ms-image " aria-roledescription="slide" data-date="2025-11-26 11:52:28" data-filename="L1050890-2.jpg" data-slide-type="image"><img decoding="async" src="http://reinventer-le-dechet.fr/wp-content/uploads/2025/11/L1050890-2.jpg" width="1200" alt="" class="slider-515 slide-517 msDefaultImage" title="L1050890-2" /><div class="caption-wrap"><div class="caption"><div>Istanbul, Turquie, 2023</div></div></div></li>
                <li style="display: none; width: 100%;" class="slide-518 ms-image " aria-roledescription="slide" data-date="2025-11-26 11:52:28" data-filename="L1050913-2.jpg" data-slide-type="image"><img decoding="async" src="http://reinventer-le-dechet.fr/wp-content/uploads/2025/11/L1050913-2.jpg" width="1200" alt="" class="slider-515 slide-518 msDefaultImage" title="L1050913-2" /><div class="caption-wrap"><div class="caption"><div>Istanbul, Turquie, 2023</div></div></div></li>
                <li style="display: none; width: 100%;" class="slide-519 ms-image " aria-roledescription="slide" data-date="2025-11-26 11:52:28" data-filename="L1050910-2.jpg" data-slide-type="image"><img decoding="async" src="http://reinventer-le-dechet.fr/wp-content/uploads/2025/11/L1050910-2.jpg" width="1200" alt="" class="slider-515 slide-519 msDefaultImage" title="L1050910-2" /><div class="caption-wrap"><div class="caption"><div>Istanbul, Turquie, 2023</div></div></div></li>
            </ul>
        </div>
        
    </div>
</div>



<p>Compresseur de réfrigérateur, tambour de lave-linge, hélice de climatiseur… Manuellement ou industriellement, le confort ménager se répare ou se recycle. En 2015, la France est la première à interdire l&rsquo;obsolescence programmée des objets, suivie par de nombreux pays. Cependant, en 2030, l&rsquo;humanité produira encore 75 millions de tonnes de déchets électriques et électroniques.</p>



<p><strong>Pour en savoir sur les recyclage des déchets électriques et électroniques :</strong></p>



<p>Un article de Fanny Verrax, Professeure associée en transition écologique et entreprenariat social, <a href="https://theconversation.com/les-mines-urbaines-ou-les-ressources-minieres-insoupconnees-de-nos-dechets-electroniques-214398" target="_blank" rel="noreferrer noopener">« Les « mines urbaines », ou les ressources minières insoupçonnées de nos déchets électroniques »</a>, <em>The Conversation</em> (en français), 2023.</p>



<p class="has-text-align-right"><a href="http://reinventer-le-dechet.fr/?page_id=29">Panneau suivant&#8230;</a></p>

<p>Panneau précédent&#8230; Compresseur de réfrigérateur, tambour de lave-linge, hélice de climatiseur… Manuellement ou industriellement, le confort ménager se répare ou se recycle. En 2015, la France est la première à interdire l&rsquo;obsolescence programmée des objets, suivie par de nombreux pays. Cependant, en 2030, l&rsquo;humanité produira encore 75 millions de tonnes de déchets électriques et électroniques. &#8230; <a title="Le bruit du frigo" class="read-more" href="http://reinventer-le-dechet.fr/?page_id=142" aria-label="En savoir plus sur Le bruit du frigo">Lire plus</a></p>
