{"id":144,"date":"2025-11-13T16:05:44","date_gmt":"2025-11-13T16:05:44","guid":{"rendered":"http:\/\/reinventer-le-dechet.fr\/?page_id=144"},"modified":"2025-11-29T17:53:28","modified_gmt":"2025-11-29T17:53:28","slug":"des-droits-pour-les-informels","status":"publish","type":"page","link":"http:\/\/reinventer-le-dechet.fr\/?page_id=144","title":{"rendered":"Des droits pour les \u00ab\u00a0informels\u00a0\u00bb"},"content":{"rendered":"\n<p><a href=\"http:\/\/reinventer-le-dechet.fr\/?page_id=160\">Panneau pr\u00e9c\u00e9dent&#8230;<\/a><\/p>\n\n\n<div id=\"metaslider-id-432\" style=\"width: 100%;\" class=\"ml-slider-3-104-0 metaslider metaslider-flex metaslider-432 ml-slider has-dots-nav ms-theme-default-base\" role=\"region\" aria-label=\"Des droits pour les &quot;informels&quot;\" data-width=\"1200\">\n    <div id=\"metaslider_container_432\">\n        <div id=\"metaslider_432\">\n            <ul aria-live='off' class='slides'>\n                <li style=\"display: block; width: 100%;\" class=\"slide-434 ms-image \" aria-roledescription=\"slide\" data-date=\"2025-11-26 10:30:45\" data-filename=\"L1050354.jpg\" data-slide-type=\"image\"><img decoding=\"async\" src=\"http:\/\/reinventer-le-dechet.fr\/wp-content\/uploads\/2025\/11\/L1050354.jpg\" width=\"1200\" alt=\"\" class=\"slider-432 slide-434 msDefaultImage\" title=\"L1050354\" \/><div class=\"caption-wrap\"><div class=\"caption\"><div>Casablanca, Maroc, 2016<\/div><\/div><\/div><\/li>\n                <li style=\"display: none; width: 100%;\" class=\"slide-433 ms-image \" aria-roledescription=\"slide\" data-date=\"2025-11-26 10:30:45\" data-filename=\"L1050353.jpg\" data-slide-type=\"image\"><img decoding=\"async\" src=\"http:\/\/reinventer-le-dechet.fr\/wp-content\/uploads\/2025\/11\/L1050353.jpg\" width=\"1200\" alt=\"\" class=\"slider-432 slide-433 msDefaultImage\" title=\"L1050353\" \/><div class=\"caption-wrap\"><div class=\"caption\"><div>Casablanca, Maroc, 2016<\/div><\/div><\/div><\/li>\n                <li style=\"display: none; width: 100%;\" class=\"slide-435 ms-image \" aria-roledescription=\"slide\" data-date=\"2025-11-26 10:30:45\" data-filename=\"L1050355.jpg\" data-slide-type=\"image\"><img decoding=\"async\" src=\"http:\/\/reinventer-le-dechet.fr\/wp-content\/uploads\/2025\/11\/L1050355.jpg\" width=\"1200\" alt=\"\" class=\"slider-432 slide-435 msDefaultImage\" title=\"L1050355\" \/><div class=\"caption-wrap\"><div class=\"caption\"><div>Casablanca, Maroc, 2016<\/div><\/div><\/div><\/li>\n            <\/ul>\n        <\/div>\n        \n    <\/div>\n<\/div>\n\n\n\n<p>Taoufik trie des objets en plastique qu&rsquo;il revendra sur des march\u00e9s populaires ou aux recycleurs : \u00ab\u00a0On contribue \u00e0 l\u2019\u00e9conomie. Gr\u00e2ce \u00e0 nous, c\u2019est r\u00e9utilis\u00e9 ou recycl\u00e9, sinon, tout partirait \u00e0 la d\u00e9charge et dans la nature !\u00a0\u00bb. Au Maroc, en Inde, en Turquie, mais aussi en France et ailleurs, les r\u00e9cup\u00e9rateurs-recycleurs s&rsquo;associent et se mobilisent pour faire reconna\u00eetre leurs droits.<\/p>\n\n\n\n<p><strong>Pour en savoir plus sur les \u00ab\u00a0informels\u00a0\u00bb<\/strong> :<\/p>\n\n\n\n<p>Un portfolio de B\u00e9n\u00e9dicte Florin et Pascal Garret, \u00a0<a href=\"https:\/\/www.revue-urbanites.fr\/urbanites-africaines-garret-florin\/\" target=\"_blank\" rel=\"noreferrer noopener\">\u00ab\u00a0Rien ne se perd, tout se r\u00e9cup\u00e8re ! Pour une reconnaissance des r\u00e9cup\u00e9rateurs informels de Casablanca\u00a0\u00bb<\/a>, <em>Urbanit\u00e9<\/em>, 2018<\/p>\n\n\n\n<p>un article de Claudia Cirelli et B\u00e9n\u00e9dicte Florin, <a href=\"https:\/\/mouvements.info\/recuperateurs-de-dechets\/\" target=\"_blank\" rel=\"noreferrer noopener\">\u00ab\u00a0Les r\u00e9cup\u00e9rateurs de d\u00e9chets : entre marginalisation et reconnaissance\u00a0\u00bb<\/a>, <em>Mouvements<\/em>, 2016<\/p>\n\n\n\n<p class=\"has-text-align-right\"><a href=\"http:\/\/reinventer-le-dechet.fr\/?page_id=128\">Panneau suivant&#8230;<\/a><\/p>\n","protected":false},"excerpt":{"rendered":"<p>Panneau pr\u00e9c\u00e9dent&#8230; Taoufik trie des objets en plastique qu&rsquo;il revendra sur des march\u00e9s populaires ou aux recycleurs : \u00ab\u00a0On contribue \u00e0 l\u2019\u00e9conomie. Gr\u00e2ce \u00e0 nous, c\u2019est r\u00e9utilis\u00e9 ou recycl\u00e9, sinon, tout partirait \u00e0 la d\u00e9charge et dans la nature !\u00a0\u00bb. Au Maroc, en Inde, en Turquie, mais aussi en France et ailleurs, les r\u00e9cup\u00e9rateurs-recycleurs s&rsquo;associent &#8230; <a title=\"Des droits pour les \u00ab\u00a0informels\u00a0\u00bb\" class=\"read-more\" href=\"http:\/\/reinventer-le-dechet.fr\/?page_id=144\" aria-label=\"En savoir plus sur Des droits pour les \u00ab\u00a0informels\u00a0\u00bb\">Lire plus<\/a><\/p>\n","protected":false},"author":1,"featured_media":0,"parent":0,"menu_order":0,"comment_status":"closed","ping_status":"closed","template":"","meta":{"footnotes":""},"class_list":["post-144","page","type-page","status-publish"],"_links":{"self":[{"href":"http:\/\/reinventer-le-dechet.fr\/index.php?rest_route=\/wp\/v2\/pages\/144","targetHints":{"allow":["GET"]}}],"collection":[{"href":"http:\/\/reinventer-le-dechet.fr\/index.php?rest_route=\/wp\/v2\/pages"}],"about":[{"href":"http:\/\/reinventer-le-dechet.fr\/index.php?rest_route=\/wp\/v2\/types\/page"}],"author":[{"embeddable":true,"href":"http:\/\/reinventer-le-dechet.fr\/index.php?rest_route=\/wp\/v2\/users\/1"}],"replies":[{"embeddable":true,"href":"http:\/\/reinventer-le-dechet.fr\/index.php?rest_route=%2Fwp%2Fv2%2Fcomments&post=144"}],"version-history":[{"count":5,"href":"http:\/\/reinventer-le-dechet.fr\/index.php?rest_route=\/wp\/v2\/pages\/144\/revisions"}],"predecessor-version":[{"id":731,"href":"http:\/\/reinventer-le-dechet.fr\/index.php?rest_route=\/wp\/v2\/pages\/144\/revisions\/731"}],"wp:attachment":[{"href":"http:\/\/reinventer-le-dechet.fr\/index.php?rest_route=%2Fwp%2Fv2%2Fmedia&parent=144"}],"curies":[{"name":"wp","href":"https:\/\/api.w.org\/{rel}","templated":true}]}}

<p><a href="http://reinventer-le-dechet.fr/?page_id=160">Panneau précédent&#8230;</a></p>


<div id="metaslider-id-432" style="width: 100%;" class="ml-slider-3-104-0 metaslider metaslider-flex metaslider-432 ml-slider has-dots-nav ms-theme-default-base" role="region" aria-label="Des droits pour les &quot;informels&quot;" data-width="1200">
    <div id="metaslider_container_432">
        <div id="metaslider_432">
            <ul aria-live='off' class='slides'>
                <li style="display: block; width: 100%;" class="slide-434 ms-image " aria-roledescription="slide" data-date="2025-11-26 10:30:45" data-filename="L1050354.jpg" data-slide-type="image"><img decoding="async" src="http://reinventer-le-dechet.fr/wp-content/uploads/2025/11/L1050354.jpg" width="1200" alt="" class="slider-432 slide-434 msDefaultImage" title="L1050354" /><div class="caption-wrap"><div class="caption"><div>Casablanca, Maroc, 2016</div></div></div></li>
                <li style="display: none; width: 100%;" class="slide-433 ms-image " aria-roledescription="slide" data-date="2025-11-26 10:30:45" data-filename="L1050353.jpg" data-slide-type="image"><img decoding="async" src="http://reinventer-le-dechet.fr/wp-content/uploads/2025/11/L1050353.jpg" width="1200" alt="" class="slider-432 slide-433 msDefaultImage" title="L1050353" /><div class="caption-wrap"><div class="caption"><div>Casablanca, Maroc, 2016</div></div></div></li>
                <li style="display: none; width: 100%;" class="slide-435 ms-image " aria-roledescription="slide" data-date="2025-11-26 10:30:45" data-filename="L1050355.jpg" data-slide-type="image"><img decoding="async" src="http://reinventer-le-dechet.fr/wp-content/uploads/2025/11/L1050355.jpg" width="1200" alt="" class="slider-432 slide-435 msDefaultImage" title="L1050355" /><div class="caption-wrap"><div class="caption"><div>Casablanca, Maroc, 2016</div></div></div></li>
            </ul>
        </div>
        
    </div>
</div>



<p>Taoufik trie des objets en plastique qu&rsquo;il revendra sur des marchés populaires ou aux recycleurs : « On contribue à l’économie. Grâce à nous, c’est réutilisé ou recyclé, sinon, tout partirait à la décharge et dans la nature ! ». Au Maroc, en Inde, en Turquie, mais aussi en France et ailleurs, les récupérateurs-recycleurs s&rsquo;associent et se mobilisent pour faire reconnaître leurs droits.</p>



<p><strong>Pour en savoir plus sur les « informels »</strong> :</p>



<p>Un portfolio de Bénédicte Florin et Pascal Garret,  <a href="https://www.revue-urbanites.fr/urbanites-africaines-garret-florin/" target="_blank" rel="noreferrer noopener">« Rien ne se perd, tout se récupère ! Pour une reconnaissance des récupérateurs informels de Casablanca »</a>, <em>Urbanité</em>, 2018</p>



<p>un article de Claudia Cirelli et Bénédicte Florin, <a href="https://mouvements.info/recuperateurs-de-dechets/" target="_blank" rel="noreferrer noopener">« Les récupérateurs de déchets : entre marginalisation et reconnaissance »</a>, <em>Mouvements</em>, 2016</p>



<p class="has-text-align-right"><a href="http://reinventer-le-dechet.fr/?page_id=128">Panneau suivant&#8230;</a></p>

<p>Panneau précédent&#8230; Taoufik trie des objets en plastique qu&rsquo;il revendra sur des marchés populaires ou aux recycleurs : « On contribue à l’économie. Grâce à nous, c’est réutilisé ou recyclé, sinon, tout partirait à la décharge et dans la nature ! ». Au Maroc, en Inde, en Turquie, mais aussi en France et ailleurs, les récupérateurs-recycleurs s&rsquo;associent &#8230; <a title="Des droits pour les « informels »" class="read-more" href="http://reinventer-le-dechet.fr/?page_id=144" aria-label="En savoir plus sur Des droits pour les « informels »">Lire plus</a></p>
