{"id":152,"date":"2025-11-13T16:32:33","date_gmt":"2025-11-13T16:32:33","guid":{"rendered":"http:\/\/reinventer-le-dechet.fr\/?page_id=152"},"modified":"2025-11-29T16:56:59","modified_gmt":"2025-11-29T16:56:59","slug":"la-seconde-vie-des-monstres","status":"publish","type":"page","link":"http:\/\/reinventer-le-dechet.fr\/?page_id=152","title":{"rendered":"La seconde vie des \u00ab\u00a0monstres\u00a0\u00bb"},"content":{"rendered":"\n<p><a href=\"http:\/\/reinventer-le-dechet.fr\/?page_id=110\">Panneau pr\u00e9c\u00e9dent&#8230;<\/a><\/p>\n\n\n<div id=\"metaslider-id-503\" style=\"width: 100%;\" class=\"ml-slider-3-104-0 metaslider metaslider-flex metaslider-503 ml-slider has-dots-nav ms-theme-default-base\" role=\"region\" aria-label=\"La seconde vie des &quot;monstres&quot;\" data-width=\"1200\">\n    <div id=\"metaslider_container_503\">\n        <div id=\"metaslider_503\">\n            <ul aria-live='off' class='slides'>\n                <li style=\"display: block; width: 100%;\" class=\"slide-505 ms-image \" aria-roledescription=\"slide\" data-date=\"2025-11-26 11:44:14\" data-filename=\"L1070514-1.jpg\" data-slide-type=\"image\"><img decoding=\"async\" src=\"http:\/\/reinventer-le-dechet.fr\/wp-content\/uploads\/2025\/11\/L1070514-1.jpg\" width=\"1200\" alt=\"\" class=\"slider-503 slide-505 msDefaultImage\" title=\"L1070514 (1)\" \/><div class=\"caption-wrap\"><div class=\"caption\"><div>Aubervilliers, France, 2018<\/div><\/div><\/div><\/li>\n                <li style=\"display: none; width: 100%;\" class=\"slide-504 ms-image \" aria-roledescription=\"slide\" data-date=\"2025-11-26 11:44:13\" data-filename=\"L1070519-1.jpg\" data-slide-type=\"image\"><img decoding=\"async\" src=\"http:\/\/reinventer-le-dechet.fr\/wp-content\/uploads\/2025\/11\/L1070519-1.jpg\" width=\"1200\" alt=\"\" class=\"slider-503 slide-504 msDefaultImage\" title=\"L1070519 (1)\" \/><div class=\"caption-wrap\"><div class=\"caption\"><div>Aubervilliers, France, 2018<\/div><\/div><\/div><\/li>\n                <li style=\"display: none; width: 100%;\" class=\"slide-506 ms-image \" aria-roledescription=\"slide\" data-date=\"2025-11-26 11:44:14\" data-filename=\"L1070484.jpg\" data-slide-type=\"image\"><img decoding=\"async\" src=\"http:\/\/reinventer-le-dechet.fr\/wp-content\/uploads\/2025\/11\/L1070484.jpg\" width=\"1200\" alt=\"\" class=\"slider-503 slide-506 msDefaultImage\" title=\"L1070484\" \/><div class=\"caption-wrap\"><div class=\"caption\"><div>Aubervilliers, France, 2018<\/div><\/div><\/div><\/li>\n            <\/ul>\n        <\/div>\n        \n    <\/div>\n<\/div>\n\n\n\n<p>En argot, les encombrants sont appel\u00e9s les \u00ab\u00a0monstres\u00a0\u00bb. On les r\u00e9pare pour une seconde vie ou on les d\u00e9monte pour en revendre les mat\u00e9riaux. Leur apport repr\u00e9sente 30 % des quantit\u00e9s qui arrivent chez le ferrailleur. Ces pratiques informelles participent \u00e0 l&rsquo;\u00e9conomie circulaire locale, mais alimentent aussi les fili\u00e8res mondiales des m\u00e9taux recycl\u00e9s.<\/p>\n\n\n\n<p><strong>Pour en savoir plus sur le recyclage des m\u00e9taux<\/strong> :<\/p>\n\n\n\n<p>Un article de Florian Fizaine, Ma\u00eetresse de conf\u00e9rences en sciences \u00e9conomiques, <a href=\"https:\/\/theconversation.com\/recycler-100-des-metaux-un-objectif-atteignable-192573\" target=\"_blank\" rel=\"noreferrer noopener\">\u00ab\u00a0Recycler 100 % des m\u00e9taux, un objectif atteignable ?\u00a0\u00bb<\/a>, <em>The Conversation <\/em>(en fran\u00e7ais), 2022<\/p>\n\n\n\n<p class=\"has-text-align-right\"><a href=\"http:\/\/reinventer-le-dechet.fr\/?page_id=170\">Panneau suivant&#8230;<\/a><\/p>\n","protected":false},"excerpt":{"rendered":"<p>Panneau pr\u00e9c\u00e9dent&#8230; En argot, les encombrants sont appel\u00e9s les \u00ab\u00a0monstres\u00a0\u00bb. On les r\u00e9pare pour une seconde vie ou on les d\u00e9monte pour en revendre les mat\u00e9riaux. Leur apport repr\u00e9sente 30 % des quantit\u00e9s qui arrivent chez le ferrailleur. Ces pratiques informelles participent \u00e0 l&rsquo;\u00e9conomie circulaire locale, mais alimentent aussi les fili\u00e8res mondiales des m\u00e9taux recycl\u00e9s. &#8230; <a title=\"La seconde vie des \u00ab\u00a0monstres\u00a0\u00bb\" class=\"read-more\" href=\"http:\/\/reinventer-le-dechet.fr\/?page_id=152\" aria-label=\"En savoir plus sur La seconde vie des \u00ab\u00a0monstres\u00a0\u00bb\">Lire plus<\/a><\/p>\n","protected":false},"author":1,"featured_media":0,"parent":0,"menu_order":0,"comment_status":"closed","ping_status":"closed","template":"","meta":{"footnotes":""},"class_list":["post-152","page","type-page","status-publish"],"_links":{"self":[{"href":"http:\/\/reinventer-le-dechet.fr\/index.php?rest_route=\/wp\/v2\/pages\/152","targetHints":{"allow":["GET"]}}],"collection":[{"href":"http:\/\/reinventer-le-dechet.fr\/index.php?rest_route=\/wp\/v2\/pages"}],"about":[{"href":"http:\/\/reinventer-le-dechet.fr\/index.php?rest_route=\/wp\/v2\/types\/page"}],"author":[{"embeddable":true,"href":"http:\/\/reinventer-le-dechet.fr\/index.php?rest_route=\/wp\/v2\/users\/1"}],"replies":[{"embeddable":true,"href":"http:\/\/reinventer-le-dechet.fr\/index.php?rest_route=%2Fwp%2Fv2%2Fcomments&post=152"}],"version-history":[{"count":5,"href":"http:\/\/reinventer-le-dechet.fr\/index.php?rest_route=\/wp\/v2\/pages\/152\/revisions"}],"predecessor-version":[{"id":694,"href":"http:\/\/reinventer-le-dechet.fr\/index.php?rest_route=\/wp\/v2\/pages\/152\/revisions\/694"}],"wp:attachment":[{"href":"http:\/\/reinventer-le-dechet.fr\/index.php?rest_route=%2Fwp%2Fv2%2Fmedia&parent=152"}],"curies":[{"name":"wp","href":"https:\/\/api.w.org\/{rel}","templated":true}]}}