{"id":158,"date":"2025-11-13T16:34:29","date_gmt":"2025-11-13T16:34:29","guid":{"rendered":"http:\/\/reinventer-le-dechet.fr\/?page_id=158"},"modified":"2025-11-30T13:30:59","modified_gmt":"2025-11-30T13:30:59","slug":"plastic-babel","status":"publish","type":"page","link":"http:\/\/reinventer-le-dechet.fr\/?page_id=158","title":{"rendered":"Plastic babel"},"content":{"rendered":"\n<p><a href=\"http:\/\/reinventer-le-dechet.fr\/?page_id=122\">Panneau pr\u00e9c\u00e9dent&#8230;<\/a><\/p>\n\n\n<div id=\"metaslider-id-568\" style=\"width: 100%;\" class=\"ml-slider-3-104-0 metaslider metaslider-flex metaslider-568 ml-slider has-dots-nav ms-theme-default-base\" role=\"region\" aria-label=\"Plastic babel\" data-width=\"1200\">\n    <div id=\"metaslider_container_568\">\n        <div id=\"metaslider_568\">\n            <ul aria-live='off' class='slides'>\n                <li style=\"display: block; width: 100%;\" class=\"slide-571 ms-image \" aria-roledescription=\"slide\" data-date=\"2025-11-26 12:32:18\" data-filename=\"DSC_8023.jpg\" data-slide-type=\"image\"><img decoding=\"async\" src=\"http:\/\/reinventer-le-dechet.fr\/wp-content\/uploads\/2025\/11\/DSC_8023.jpg\" width=\"1200\" alt=\"\" class=\"slider-568 slide-571 msDefaultImage\" title=\"DSC_8023\" \/><div class=\"caption-wrap\"><div class=\"caption\"><div>Casablanca, Maroc, 2016<\/div><\/div><\/div><\/li>\n                <li style=\"display: none; width: 100%;\" class=\"slide-569 ms-image \" aria-roledescription=\"slide\" data-date=\"2025-11-26 12:32:18\" data-filename=\"L1010691.jpg\" data-slide-type=\"image\"><img decoding=\"async\" src=\"http:\/\/reinventer-le-dechet.fr\/wp-content\/uploads\/2025\/11\/L1010691.jpg\" width=\"1200\" alt=\"\" class=\"slider-568 slide-569 msDefaultImage\" title=\"L1010691\" \/><div class=\"caption-wrap\"><div class=\"caption\"><div>Casablanca, Maroc, 2016<\/div><\/div><\/div><\/li>\n                <li style=\"display: none; width: 100%;\" class=\"slide-570 ms-image \" aria-roledescription=\"slide\" data-date=\"2025-11-26 12:32:18\" data-filename=\"DSC_8015.jpg\" data-slide-type=\"image\"><img decoding=\"async\" src=\"http:\/\/reinventer-le-dechet.fr\/wp-content\/uploads\/2025\/11\/DSC_8015.jpg\" width=\"1200\" alt=\"\" class=\"slider-568 slide-570 msDefaultImage\" title=\"DSC_8015\" \/><div class=\"caption-wrap\"><div class=\"caption\"><div>Casablanca, Maroc, 2016<\/div><\/div><\/div><\/li>\n            <\/ul>\n        <\/div>\n        \n    <\/div>\n<\/div>\n\n\n\n<p>Les travailleurs informels collectent 60 % des plastiques recycl\u00e9s. En 2022, pour la premi\u00e8re fois, l\u2019Assembl\u00e9e des Nations Unies pour l\u2019Environnement a salu\u00e9 leur r\u00f4le dans de nombreux pays. G\u00e9nial mais fatal, le plastique g\u00e9n\u00e8re 500 millions de tonnes de d\u00e9chets par an. Ils sont omnipr\u00e9sents sur la plan\u00e8te et jusque dans nos corps.<\/p>\n\n\n\n<p><strong>Pour en savoir plus sur les limites du recyclage des plastiques<\/strong> :<\/p>\n\n\n\n<p>Un entretien avec Baptiste Monsaingeon, ma\u00eetre de conf\u00e9rences en sociologie, <a href=\"https:\/\/www.lunion.fr\/id710495\/article\/2025-04-27\/baptiste-monsaingeon-ce-nest-pas-parce-quon-recycle-les-dechets-quon-peut\" target=\"_blank\" rel=\"noreferrer noopener\">\u00ab\u00a0Ce n&rsquo;est pas parce qu&rsquo;on recycle les d\u00e9chets qu\u2019on peut continuer \u00e0 consommer comme on le fait\u00a0\u00bb<\/a>, <em>L&rsquo;Union<\/em>, 2025<\/p>\n\n\n\n<p>Un article de Maxime Lerolle, <a href=\"https:\/\/lejournal.cnrs.fr\/articles\/recyclage-du-plastique-une-solution-contre-productive\" target=\"_blank\" rel=\"noreferrer noopener\">\u00ab\u00a0Recyclage du plastique, une solution contre-productive\u00a0\u00bb<\/a>, <em>le Journal du CNRS<\/em>, 2025<\/p>\n\n\n\n<p class=\"has-text-align-right\"><a href=\"http:\/\/reinventer-le-dechet.fr\/?page_id=154\">Panneau suivant&#8230;<\/a><\/p>\n","protected":false},"excerpt":{"rendered":"<p>Panneau pr\u00e9c\u00e9dent&#8230; Les travailleurs informels collectent 60 % des plastiques recycl\u00e9s. En 2022, pour la premi\u00e8re fois, l\u2019Assembl\u00e9e des Nations Unies pour l\u2019Environnement a salu\u00e9 leur r\u00f4le dans de nombreux pays. G\u00e9nial mais fatal, le plastique g\u00e9n\u00e8re 500 millions de tonnes de d\u00e9chets par an. Ils sont omnipr\u00e9sents sur la plan\u00e8te et jusque dans nos &#8230; <a title=\"Plastic babel\" class=\"read-more\" href=\"http:\/\/reinventer-le-dechet.fr\/?page_id=158\" aria-label=\"En savoir plus sur Plastic babel\">Lire plus<\/a><\/p>\n","protected":false},"author":1,"featured_media":0,"parent":0,"menu_order":0,"comment_status":"closed","ping_status":"closed","template":"","meta":{"footnotes":""},"class_list":["post-158","page","type-page","status-publish"],"_links":{"self":[{"href":"http:\/\/reinventer-le-dechet.fr\/index.php?rest_route=\/wp\/v2\/pages\/158","targetHints":{"allow":["GET"]}}],"collection":[{"href":"http:\/\/reinventer-le-dechet.fr\/index.php?rest_route=\/wp\/v2\/pages"}],"about":[{"href":"http:\/\/reinventer-le-dechet.fr\/index.php?rest_route=\/wp\/v2\/types\/page"}],"author":[{"embeddable":true,"href":"http:\/\/reinventer-le-dechet.fr\/index.php?rest_route=\/wp\/v2\/users\/1"}],"replies":[{"embeddable":true,"href":"http:\/\/reinventer-le-dechet.fr\/index.php?rest_route=%2Fwp%2Fv2%2Fcomments&post=158"}],"version-history":[{"count":9,"href":"http:\/\/reinventer-le-dechet.fr\/index.php?rest_route=\/wp\/v2\/pages\/158\/revisions"}],"predecessor-version":[{"id":770,"href":"http:\/\/reinventer-le-dechet.fr\/index.php?rest_route=\/wp\/v2\/pages\/158\/revisions\/770"}],"wp:attachment":[{"href":"http:\/\/reinventer-le-dechet.fr\/index.php?rest_route=%2Fwp%2Fv2%2Fmedia&parent=158"}],"curies":[{"name":"wp","href":"https:\/\/api.w.org\/{rel}","templated":true}]}}

<p><a href="http://reinventer-le-dechet.fr/?page_id=122">Panneau précédent&#8230;</a></p>


<div id="metaslider-id-568" style="width: 100%;" class="ml-slider-3-104-0 metaslider metaslider-flex metaslider-568 ml-slider has-dots-nav ms-theme-default-base" role="region" aria-label="Plastic babel" data-width="1200">
    <div id="metaslider_container_568">
        <div id="metaslider_568">
            <ul aria-live='off' class='slides'>
                <li style="display: block; width: 100%;" class="slide-571 ms-image " aria-roledescription="slide" data-date="2025-11-26 12:32:18" data-filename="DSC_8023.jpg" data-slide-type="image"><img decoding="async" src="http://reinventer-le-dechet.fr/wp-content/uploads/2025/11/DSC_8023.jpg" width="1200" alt="" class="slider-568 slide-571 msDefaultImage" title="DSC_8023" /><div class="caption-wrap"><div class="caption"><div>Casablanca, Maroc, 2016</div></div></div></li>
                <li style="display: none; width: 100%;" class="slide-569 ms-image " aria-roledescription="slide" data-date="2025-11-26 12:32:18" data-filename="L1010691.jpg" data-slide-type="image"><img decoding="async" src="http://reinventer-le-dechet.fr/wp-content/uploads/2025/11/L1010691.jpg" width="1200" alt="" class="slider-568 slide-569 msDefaultImage" title="L1010691" /><div class="caption-wrap"><div class="caption"><div>Casablanca, Maroc, 2016</div></div></div></li>
                <li style="display: none; width: 100%;" class="slide-570 ms-image " aria-roledescription="slide" data-date="2025-11-26 12:32:18" data-filename="DSC_8015.jpg" data-slide-type="image"><img decoding="async" src="http://reinventer-le-dechet.fr/wp-content/uploads/2025/11/DSC_8015.jpg" width="1200" alt="" class="slider-568 slide-570 msDefaultImage" title="DSC_8015" /><div class="caption-wrap"><div class="caption"><div>Casablanca, Maroc, 2016</div></div></div></li>
            </ul>
        </div>
        
    </div>
</div>



<p>Les travailleurs informels collectent 60 % des plastiques recyclés. En 2022, pour la première fois, l’Assemblée des Nations Unies pour l’Environnement a salué leur rôle dans de nombreux pays. Génial mais fatal, le plastique génère 500 millions de tonnes de déchets par an. Ils sont omniprésents sur la planète et jusque dans nos corps.</p>



<p><strong>Pour en savoir plus sur les limites du recyclage des plastiques</strong> :</p>



<p>Un entretien avec Baptiste Monsaingeon, maître de conférences en sociologie, <a href="https://www.lunion.fr/id710495/article/2025-04-27/baptiste-monsaingeon-ce-nest-pas-parce-quon-recycle-les-dechets-quon-peut" target="_blank" rel="noreferrer noopener">« Ce n&rsquo;est pas parce qu&rsquo;on recycle les déchets qu’on peut continuer à consommer comme on le fait »</a>, <em>L&rsquo;Union</em>, 2025</p>



<p>Un article de Maxime Lerolle, <a href="https://lejournal.cnrs.fr/articles/recyclage-du-plastique-une-solution-contre-productive" target="_blank" rel="noreferrer noopener">« Recyclage du plastique, une solution contre-productive »</a>, <em>le Journal du CNRS</em>, 2025</p>



<p class="has-text-align-right"><a href="http://reinventer-le-dechet.fr/?page_id=154">Panneau suivant&#8230;</a></p>

<p>Panneau précédent&#8230; Les travailleurs informels collectent 60 % des plastiques recyclés. En 2022, pour la première fois, l’Assemblée des Nations Unies pour l’Environnement a salué leur rôle dans de nombreux pays. Génial mais fatal, le plastique génère 500 millions de tonnes de déchets par an. Ils sont omniprésents sur la planète et jusque dans nos &#8230; <a title="Plastic babel" class="read-more" href="http://reinventer-le-dechet.fr/?page_id=158" aria-label="En savoir plus sur Plastic babel">Lire plus</a></p>
