{"id":174,"date":"2025-11-13T16:39:43","date_gmt":"2025-11-13T16:39:43","guid":{"rendered":"http:\/\/reinventer-le-dechet.fr\/?page_id=174"},"modified":"2025-11-29T17:22:13","modified_gmt":"2025-11-29T17:22:13","slug":"yunus","status":"publish","type":"page","link":"http:\/\/reinventer-le-dechet.fr\/?page_id=174","title":{"rendered":"Yunus"},"content":{"rendered":"\n<p><a href=\"http:\/\/reinventer-le-dechet.fr\/?page_id=162\">Panneau pr\u00e9c\u00e9dent&#8230;<\/a><\/p>\n\n\n<div id=\"metaslider-id-595\" style=\"width: 100%;\" class=\"ml-slider-3-104-0 metaslider metaslider-flex metaslider-595 ml-slider has-dots-nav ms-theme-default-base\" role=\"region\" aria-label=\"Yunus\" data-width=\"1200\">\n    <div id=\"metaslider_container_595\">\n        <div id=\"metaslider_595\">\n            <ul aria-live='off' class='slides'>\n                <li style=\"display: block; width: 100%;\" class=\"slide-596 ms-image \" aria-roledescription=\"slide\" data-date=\"2025-11-26 12:51:21\" data-filename=\"DSC_9683-1.jpg\" data-slide-type=\"image\"><img decoding=\"async\" src=\"http:\/\/reinventer-le-dechet.fr\/wp-content\/uploads\/2025\/11\/DSC_9683-1.jpg\" width=\"1200\" alt=\"\" class=\"slider-595 slide-596 msDefaultImage\" title=\"DSC_9683 (1)\" \/><div class=\"caption-wrap\"><div class=\"caption\"><div>Istanbul, Turquie, 2015<\/div><\/div><\/div><\/li>\n                <li style=\"display: none; width: 100%;\" class=\"slide-597 ms-image \" aria-roledescription=\"slide\" data-date=\"2025-11-26 12:51:21\" data-filename=\"DSC_9619-1.jpg\" data-slide-type=\"image\"><img decoding=\"async\" src=\"http:\/\/reinventer-le-dechet.fr\/wp-content\/uploads\/2025\/11\/DSC_9619-1.jpg\" width=\"1200\" alt=\"\" class=\"slider-595 slide-597 msDefaultImage\" title=\"DSC_9619 (1)\" \/><div class=\"caption-wrap\"><div class=\"caption\"><div>Istanbul, Turquie, 2015<\/div><\/div><\/div><\/li>\n                <li style=\"display: none; width: 100%;\" class=\"slide-600 ms-image \" aria-roledescription=\"slide\" data-date=\"2025-11-26 12:51:21\" data-filename=\"DSC_9618-1.jpg\" data-slide-type=\"image\"><img decoding=\"async\" src=\"http:\/\/reinventer-le-dechet.fr\/wp-content\/uploads\/2025\/11\/DSC_9618-1.jpg\" width=\"1200\" alt=\"\" class=\"slider-595 slide-600 msDefaultImage\" title=\"DSC_9618 (1)\" \/><div class=\"caption-wrap\"><div class=\"caption\"><div>Istanbul, Turquie, 2015<\/div><\/div><\/div><\/li>\n                <li style=\"display: none; width: 100%;\" class=\"slide-598 ms-image \" aria-roledescription=\"slide\" data-date=\"2025-11-26 12:51:21\" data-filename=\"DSC_9688.jpg\" data-slide-type=\"image\"><img decoding=\"async\" src=\"http:\/\/reinventer-le-dechet.fr\/wp-content\/uploads\/2025\/11\/DSC_9688.jpg\" width=\"1200\" alt=\"\" class=\"slider-595 slide-598 msDefaultImage\" title=\"DSC_9688\" \/><div class=\"caption-wrap\"><div class=\"caption\"><div>Istanbul, Turquie, 2015<\/div><\/div><\/div><\/li>\n                <li style=\"display: none; width: 100%;\" class=\"slide-599 ms-image \" aria-roledescription=\"slide\" data-date=\"2025-11-26 12:51:21\" data-filename=\"DSC_9712.jpg\" data-slide-type=\"image\"><img decoding=\"async\" src=\"http:\/\/reinventer-le-dechet.fr\/wp-content\/uploads\/2025\/11\/DSC_9712.jpg\" width=\"1200\" alt=\"\" class=\"slider-595 slide-599 msDefaultImage\" title=\"DSC_9712\" \/><div class=\"caption-wrap\"><div class=\"caption\"><div>Istanbul, Turquie, 2015<\/div><\/div><\/div><\/li>\n            <\/ul>\n        <\/div>\n        \n    <\/div>\n<\/div>\n\n\n\n<p>Dans les quartiers touristiques d&rsquo;Istanbul, les poubelles sont abondantes : bouteilles d&rsquo;eau, canettes, cartons des magasins\u2026 Sur une trentaine de kilom\u00e8tres par jour, Yunus tire son lourd diable dans les rues pentues de la vieille ville. Il \u00e9vite les passants, les voitures, le tramway\u2026 et la police qui peut lui infliger une amende et confisquer son diable.<\/p>\n\n\n\n<p><strong>Pour en savoir plus :<\/strong><\/p>\n\n\n\n<p><a href=\"http:\/\/www.bab-el-louk.org\/?page_id=982\" target=\"_blank\" rel=\"noreferrer noopener\">Le parcours de Yunus<\/a>, \u00e0 lire et regarder sur le site de Pascal Garret, <a href=\"http:\/\/www.bab-el-louk.org\/\" target=\"_blank\" rel=\"noreferrer noopener\">bab-el-louk.org<\/a>, reprise d&rsquo;un article publi\u00e9 dans le catalogue de l&rsquo;exposition Vies d&rsquo;ordures (MUCEM, 2017), sous la direction de Denis Chevallier et Yann-Philippe Tastevin.<\/p>\n\n\n\n<p>Un documentaire de Stephan Talneau &amp; Selcen K\u00fc\u00e7\u00fck\u00fcstel sur les r\u00e9cup\u00e9rateurs de Turquie (allemand, sous-titr\u00e9 fran\u00e7ais), <em><a href=\"https:\/\/www.youtube.com\/watch?v=A2vw0mIE_TE\" target=\"_blank\" rel=\"noreferrer noopener\">Waste collectors of Turkey<\/a>,<\/em> Kobalt Production, ZDF et Arte, 2021, 32 mn.\u00a0<\/p>\n\n\n\n<p class=\"has-text-align-right\"><a href=\"http:\/\/reinventer-le-dechet.fr\/?page_id=168\">Panneau suivant&#8230;<\/a><\/p>\n","protected":false},"excerpt":{"rendered":"<p>Panneau pr\u00e9c\u00e9dent&#8230; Dans les quartiers touristiques d&rsquo;Istanbul, les poubelles sont abondantes : bouteilles d&rsquo;eau, canettes, cartons des magasins\u2026 Sur une trentaine de kilom\u00e8tres par jour, Yunus tire son lourd diable dans les rues pentues de la vieille ville. Il \u00e9vite les passants, les voitures, le tramway\u2026 et la police qui peut lui infliger une amende &#8230; <a title=\"Yunus\" class=\"read-more\" href=\"http:\/\/reinventer-le-dechet.fr\/?page_id=174\" aria-label=\"En savoir plus sur Yunus\">Lire plus<\/a><\/p>\n","protected":false},"author":1,"featured_media":0,"parent":0,"menu_order":0,"comment_status":"closed","ping_status":"closed","template":"","meta":{"footnotes":""},"class_list":["post-174","page","type-page","status-publish"],"_links":{"self":[{"href":"http:\/\/reinventer-le-dechet.fr\/index.php?rest_route=\/wp\/v2\/pages\/174","targetHints":{"allow":["GET"]}}],"collection":[{"href":"http:\/\/reinventer-le-dechet.fr\/index.php?rest_route=\/wp\/v2\/pages"}],"about":[{"href":"http:\/\/reinventer-le-dechet.fr\/index.php?rest_route=\/wp\/v2\/types\/page"}],"author":[{"embeddable":true,"href":"http:\/\/reinventer-le-dechet.fr\/index.php?rest_route=\/wp\/v2\/users\/1"}],"replies":[{"embeddable":true,"href":"http:\/\/reinventer-le-dechet.fr\/index.php?rest_route=%2Fwp%2Fv2%2Fcomments&post=174"}],"version-history":[{"count":7,"href":"http:\/\/reinventer-le-dechet.fr\/index.php?rest_route=\/wp\/v2\/pages\/174\/revisions"}],"predecessor-version":[{"id":709,"href":"http:\/\/reinventer-le-dechet.fr\/index.php?rest_route=\/wp\/v2\/pages\/174\/revisions\/709"}],"wp:attachment":[{"href":"http:\/\/reinventer-le-dechet.fr\/index.php?rest_route=%2Fwp%2Fv2%2Fmedia&parent=174"}],"curies":[{"name":"wp","href":"https:\/\/api.w.org\/{rel}","templated":true}]}}

<p><a href="http://reinventer-le-dechet.fr/?page_id=162">Panneau précédent&#8230;</a></p>


<div id="metaslider-id-595" style="width: 100%;" class="ml-slider-3-104-0 metaslider metaslider-flex metaslider-595 ml-slider has-dots-nav ms-theme-default-base" role="region" aria-label="Yunus" data-width="1200">
    <div id="metaslider_container_595">
        <div id="metaslider_595">
            <ul aria-live='off' class='slides'>
                <li style="display: block; width: 100%;" class="slide-596 ms-image " aria-roledescription="slide" data-date="2025-11-26 12:51:21" data-filename="DSC_9683-1.jpg" data-slide-type="image"><img decoding="async" src="http://reinventer-le-dechet.fr/wp-content/uploads/2025/11/DSC_9683-1.jpg" width="1200" alt="" class="slider-595 slide-596 msDefaultImage" title="DSC_9683 (1)" /><div class="caption-wrap"><div class="caption"><div>Istanbul, Turquie, 2015</div></div></div></li>
                <li style="display: none; width: 100%;" class="slide-597 ms-image " aria-roledescription="slide" data-date="2025-11-26 12:51:21" data-filename="DSC_9619-1.jpg" data-slide-type="image"><img decoding="async" src="http://reinventer-le-dechet.fr/wp-content/uploads/2025/11/DSC_9619-1.jpg" width="1200" alt="" class="slider-595 slide-597 msDefaultImage" title="DSC_9619 (1)" /><div class="caption-wrap"><div class="caption"><div>Istanbul, Turquie, 2015</div></div></div></li>
                <li style="display: none; width: 100%;" class="slide-600 ms-image " aria-roledescription="slide" data-date="2025-11-26 12:51:21" data-filename="DSC_9618-1.jpg" data-slide-type="image"><img decoding="async" src="http://reinventer-le-dechet.fr/wp-content/uploads/2025/11/DSC_9618-1.jpg" width="1200" alt="" class="slider-595 slide-600 msDefaultImage" title="DSC_9618 (1)" /><div class="caption-wrap"><div class="caption"><div>Istanbul, Turquie, 2015</div></div></div></li>
                <li style="display: none; width: 100%;" class="slide-598 ms-image " aria-roledescription="slide" data-date="2025-11-26 12:51:21" data-filename="DSC_9688.jpg" data-slide-type="image"><img decoding="async" src="http://reinventer-le-dechet.fr/wp-content/uploads/2025/11/DSC_9688.jpg" width="1200" alt="" class="slider-595 slide-598 msDefaultImage" title="DSC_9688" /><div class="caption-wrap"><div class="caption"><div>Istanbul, Turquie, 2015</div></div></div></li>
                <li style="display: none; width: 100%;" class="slide-599 ms-image " aria-roledescription="slide" data-date="2025-11-26 12:51:21" data-filename="DSC_9712.jpg" data-slide-type="image"><img decoding="async" src="http://reinventer-le-dechet.fr/wp-content/uploads/2025/11/DSC_9712.jpg" width="1200" alt="" class="slider-595 slide-599 msDefaultImage" title="DSC_9712" /><div class="caption-wrap"><div class="caption"><div>Istanbul, Turquie, 2015</div></div></div></li>
            </ul>
        </div>
        
    </div>
</div>



<p>Dans les quartiers touristiques d&rsquo;Istanbul, les poubelles sont abondantes : bouteilles d&rsquo;eau, canettes, cartons des magasins… Sur une trentaine de kilomètres par jour, Yunus tire son lourd diable dans les rues pentues de la vieille ville. Il évite les passants, les voitures, le tramway… et la police qui peut lui infliger une amende et confisquer son diable.</p>



<p><strong>Pour en savoir plus :</strong></p>



<p><a href="http://www.bab-el-louk.org/?page_id=982" target="_blank" rel="noreferrer noopener">Le parcours de Yunus</a>, à lire et regarder sur le site de Pascal Garret, <a href="http://www.bab-el-louk.org/" target="_blank" rel="noreferrer noopener">bab-el-louk.org</a>, reprise d&rsquo;un article publié dans le catalogue de l&rsquo;exposition Vies d&rsquo;ordures (MUCEM, 2017), sous la direction de Denis Chevallier et Yann-Philippe Tastevin.</p>



<p>Un documentaire de Stephan Talneau &amp; Selcen Küçüküstel sur les récupérateurs de Turquie (allemand, sous-titré français), <em><a href="https://www.youtube.com/watch?v=A2vw0mIE_TE" target="_blank" rel="noreferrer noopener">Waste collectors of Turkey</a>,</em> Kobalt Production, ZDF et Arte, 2021, 32 mn. </p>



<p class="has-text-align-right"><a href="http://reinventer-le-dechet.fr/?page_id=168">Panneau suivant&#8230;</a></p>

<p>Panneau précédent&#8230; Dans les quartiers touristiques d&rsquo;Istanbul, les poubelles sont abondantes : bouteilles d&rsquo;eau, canettes, cartons des magasins… Sur une trentaine de kilomètres par jour, Yunus tire son lourd diable dans les rues pentues de la vieille ville. Il évite les passants, les voitures, le tramway… et la police qui peut lui infliger une amende &#8230; <a title="Yunus" class="read-more" href="http://reinventer-le-dechet.fr/?page_id=174" aria-label="En savoir plus sur Yunus">Lire plus</a></p>
